{"id":2,"date":"2022-05-07T08:14:44","date_gmt":"2022-05-07T08:14:44","guid":{"rendered":"http:\/\/lemissioni.thestorytellist.it\/?page_id=2"},"modified":"2026-04-02T19:34:20","modified_gmt":"2026-04-02T19:34:20","slug":"confederazione-elvetica","status":"publish","type":"page","link":"https:\/\/www.lemissioni.ch\/index.php\/confederazione-elvetica\/","title":{"rendered":"Confederazione Elvetica"},"content":{"rendered":"<section class=\"wpb-content-wrapper\">[vc_row][vc_column][vc_column_text]La Confederazione Elvetica raggruppa in s\u00e9 23 Cantoni, dei quali 3 si dividono in semi-cantoni. Il capoluogo \u00e8 la citt\u00e0 principale dove risiedono le autorit\u00e0 cantonali. Berna \u00e8 il centro politico e amministrativo e sede delle autorit\u00e0 federali. Il 1\u00b0 agosto \u00e8 la festa nazionale e numerose le celebrazioni in tutti i Cantoni.<\/p>\n<p>In Svizzera si parlano quattro lingue (oltre allo Schwyzerd\u00fctsch, dialetto di origine germanica): il tedesco, il francese, l\u2019italiano e il romancio (in parte dei Grigioni). Il tedesco, il francese e l\u2019italiano sono considerate le lingue ufficiali.<\/p>\n<p>Attualmente vivono in Svizzera circa 8.739.000 abitanti di cui circa 2.190.000 stranieri. Dopo quella svizzera (38%) le nazionalit\u00e0 pi\u00f9 rappresentate sono quella italiana (10%) e quella tedesca ((9%)<\/p>\n<p>Gli Italiani in Svizzera (con solo passaporto italiano) erano 331.379 (statistiche del dicembre 2021).[\/vc_column_text][vc_empty_space]<div class=\"norebro-heading-sc heading text-left\"\n\tid=\"norebro-custom-69f55b8287129\" \n\t \n\t>\n\t\n\t\n\t\n\t<h3 class=\"title\">\n\t\tRELIGIONE\t<\/h3>\n\n\t\n\t\t\t<p class=\"subtitle\">\n\t\t\t\t\t<\/p>\n\t\t\n<\/div>[vc_column_text]Il panorama religioso in Svizzera \u00e8 molto cambiato negli ultimi anni.<\/p>\n<p>Tra il 2010 e il 2020 la quota dei cattolici-romani (34,4%) e degli evangelici (22,5%) ha sub\u00ecto un calo rispettivamente pari a 5 e 6 punti percentuali; la quota delle comunit\u00e0 ebraiche \u00e8 rimasta invariata, mentre la quota relativa ai musulmani \u00e8 in aumento (+1 punto). La quota delle persone senza appartenenza religiosa (29,4%) ha registrato un aumento pari a 11 punti.[\/vc_column_text][\/vc_column][\/vc_row]\n<\/section>","protected":false},"excerpt":{"rendered":"<p>[vc_row][vc_column][vc_column_text]La Confederazione Elvetica raggruppa in s\u00e9 23 Cantoni, dei quali 3 si dividono in semi-cantoni. Il capoluogo \u00e8 la citt\u00e0 principale dove risiedono le autorit\u00e0 cantonali. Berna \u00e8 il centro politico e amministrativo e sede delle autorit\u00e0 federali. Il 1\u00b0 agosto \u00e8 la festa nazionale e numerose le celebrazioni in tutti i Cantoni. In Svizzera si parlano quattro lingue (oltre allo Schwyzerd\u00fctsch, dialetto di origine germanica): il tedesco, il francese, l\u2019italiano e il romancio (in parte dei Grigioni). Il tedesco, il francese e l\u2019italiano sono considerate le lingue ufficiali. Attualmente vivono in Svizzera circa 8.739.000 abitanti di cui circa 2.190.000&#8230;<\/p>\n","protected":false},"author":1,"featured_media":0,"parent":0,"menu_order":0,"comment_status":"closed","ping_status":"closed","template":"","meta":{"footnotes":""},"class_list":["post-2","page","type-page","status-publish","hentry"],"_links":{"self":[{"href":"https:\/\/www.lemissioni.ch\/index.php\/wp-json\/wp\/v2\/pages\/2","targetHints":{"allow":["GET"]}}],"collection":[{"href":"https:\/\/www.lemissioni.ch\/index.php\/wp-json\/wp\/v2\/pages"}],"about":[{"href":"https:\/\/www.lemissioni.ch\/index.php\/wp-json\/wp\/v2\/types\/page"}],"author":[{"embeddable":true,"href":"https:\/\/www.lemissioni.ch\/index.php\/wp-json\/wp\/v2\/users\/1"}],"replies":[{"embeddable":true,"href":"https:\/\/www.lemissioni.ch\/index.php\/wp-json\/wp\/v2\/comments?post=2"}],"version-history":[{"count":9,"href":"https:\/\/www.lemissioni.ch\/index.php\/wp-json\/wp\/v2\/pages\/2\/revisions"}],"predecessor-version":[{"id":5673094,"href":"https:\/\/www.lemissioni.ch\/index.php\/wp-json\/wp\/v2\/pages\/2\/revisions\/5673094"}],"wp:attachment":[{"href":"https:\/\/www.lemissioni.ch\/index.php\/wp-json\/wp\/v2\/media?parent=2"}],"curies":[{"name":"wp","href":"https:\/\/api.w.org\/{rel}","templated":true}]}}

<section class="wpb-content-wrapper">[vc_row][vc_column][vc_column_text]La Confederazione Elvetica raggruppa in sé 23 Cantoni, dei quali 3 si dividono in semi-cantoni. Il capoluogo è la città principale dove risiedono le autorità cantonali. Berna è il centro politico e amministrativo e sede delle autorità federali. Il 1° agosto è la festa nazionale e numerose le celebrazioni in tutti i Cantoni.</p>
<p>In Svizzera si parlano quattro lingue (oltre allo Schwyzerdütsch, dialetto di origine germanica): il tedesco, il francese, l’italiano e il romancio (in parte dei Grigioni). Il tedesco, il francese e l’italiano sono considerate le lingue ufficiali.</p>
<p>Attualmente vivono in Svizzera circa 8.739.000 abitanti di cui circa 2.190.000 stranieri. Dopo quella svizzera (38%) le nazionalità più rappresentate sono quella italiana (10%) e quella tedesca ((9%)</p>
<p>Gli Italiani in Svizzera (con solo passaporto italiano) erano 331.379 (statistiche del dicembre 2021).[/vc_column_text][vc_empty_space]<div class="norebro-heading-sc heading text-left"
	id="norebro-custom-69f55b8287129" 
	 
	>
	
	
	
	<h3 class="title">
		RELIGIONE	</h3>

	
			<p class="subtitle">
					</p>
		
</div>[vc_column_text]Il panorama religioso in Svizzera è molto cambiato negli ultimi anni.</p>
<p>Tra il 2010 e il 2020 la quota dei cattolici-romani (34,4%) e degli evangelici (22,5%) ha subìto un calo rispettivamente pari a 5 e 6 punti percentuali; la quota delle comunità ebraiche è rimasta invariata, mentre la quota relativa ai musulmani è in aumento (+1 punto). La quota delle persone senza appartenenza religiosa (29,4%) ha registrato un aumento pari a 11 punti.[/vc_column_text][/vc_column][/vc_row]
</section>

<p>[vc_row][vc_column][vc_column_text]La Confederazione Elvetica raggruppa in sé 23 Cantoni, dei quali 3 si dividono in semi-cantoni. Il capoluogo è la città principale dove risiedono le autorità cantonali. Berna è il centro politico e amministrativo e sede delle autorità federali. Il 1° agosto è la festa nazionale e numerose le celebrazioni in tutti i Cantoni. In Svizzera si parlano quattro lingue (oltre allo Schwyzerdütsch, dialetto di origine germanica): il tedesco, il francese, l’italiano e il romancio (in parte dei Grigioni). Il tedesco, il francese e l’italiano sono considerate le lingue ufficiali. Attualmente vivono in Svizzera circa 8.739.000 abitanti di cui circa 2.190.000&#8230;</p>
